Last updated on 2020-10-11 01:47:17 CEST.
Flavor | Version | Tinstall | Tcheck | Ttotal | Status | Flags |
---|---|---|---|---|---|---|
r-devel-linux-x86_64-debian-clang | 0.8.0 | 145.14 | 121.80 | 266.94 | NOTE | |
r-devel-linux-x86_64-debian-gcc | 0.8.0 | 120.09 | 95.95 | 216.04 | NOTE | |
r-devel-linux-x86_64-fedora-clang | 0.8.0 | 350.40 | NOTE | |||
r-devel-linux-x86_64-fedora-gcc | 0.8.0 | 355.26 | NOTE | |||
r-devel-windows-ix86+x86_64 | 0.8.0 | 314.00 | 249.00 | 563.00 | NOTE | |
r-patched-linux-x86_64 | 0.8.0 | 121.46 | 121.92 | 243.38 | NOTE | |
r-patched-solaris-x86 | 0.8.0 | 390.60 | NOTE | |||
r-release-linux-x86_64 | 0.8.0 | 115.95 | 120.05 | 236.00 | NOTE | |
r-release-macos-x86_64 | 0.8.0 | NOTE | ||||
r-release-windows-ix86+x86_64 | 0.8.0 | 223.00 | 290.00 | 513.00 | NOTE | |
r-oldrel-macos-x86_64 | 0.8.0 | ERROR |
Version: 0.8.0
Check: for GNU extensions in Makefiles
Result: NOTE
GNU make is a SystemRequirements.
Flavors: r-devel-linux-x86_64-debian-clang, r-devel-linux-x86_64-debian-gcc, r-devel-linux-x86_64-fedora-clang, r-devel-linux-x86_64-fedora-gcc, r-devel-windows-ix86+x86_64, r-patched-linux-x86_64, r-patched-solaris-x86, r-release-linux-x86_64, r-release-macos-x86_64, r-release-windows-ix86+x86_64
Version: 0.8.0
Check: installed package size
Result: NOTE
installed size is 33.8Mb
sub-directories of 1Mb or more:
libs 33.6Mb
Flavors: r-devel-linux-x86_64-fedora-clang, r-release-macos-x86_64
Version: 0.8.0
Check: package dependencies
Result: NOTE
Package suggested but not available for checking: ‘breathtestcore’
Flavor: r-release-macos-x86_64
Version: 0.8.0
Check: whether package can be installed
Result: ERROR
Installation failed.
Flavor: r-oldrel-macos-x86_64