CRAN Package Check Results for Package broom.helpers

Last updated on 2020-10-11 01:47:17 CEST.

Flavor Version Tinstall Tcheck Ttotal Status Flags
r-devel-linux-x86_64-debian-clang 1.0.0 5.57 111.18 116.75 OK
r-devel-linux-x86_64-debian-gcc 1.0.0 4.30 84.25 88.55 OK
r-devel-linux-x86_64-fedora-clang 1.0.0 156.83 NOTE
r-devel-linux-x86_64-fedora-gcc 1.0.0 148.31 NOTE
r-devel-windows-ix86+x86_64 1.0.0 14.00 115.00 129.00 OK
r-patched-linux-x86_64 1.0.0 5.00 107.30 112.30 OK
r-patched-solaris-x86 1.0.0 172.60 WARN
r-release-linux-x86_64 1.0.0 4.86 106.01 110.87 OK
r-release-macos-x86_64 1.0.0 WARN
r-release-windows-ix86+x86_64 1.0.0 9.00 143.00 152.00 OK
r-oldrel-macos-x86_64 1.0.0 WARN
r-oldrel-windows-ix86+x86_64 1.0.0 10.00 137.00 147.00 OK

Check Details

Version: 1.0.0
Check: dependencies in R code
Result: NOTE
    Namespace in Imports field not imported from: ‘broom’
     All declared Imports should be used.
Flavors: r-devel-linux-x86_64-fedora-clang, r-devel-linux-x86_64-fedora-gcc, r-patched-solaris-x86, r-release-macos-x86_64, r-oldrel-macos-x86_64

Version: 1.0.0
Check: re-building of vignette outputs
Result: WARN
    Error(s) in re-building vignettes:
     ...
    --- re-building ‘tidy.Rmd’ using rmarkdown
    Warning in engine$weave(file, quiet = quiet, encoding = enc) :
     Pandoc (>= 1.12.3) and/or pandoc-citeproc not available. Falling back to R Markdown v1.
    #BlackLivesMatter
    
    Attaching package: 'dplyr'
    
    The following objects are masked from 'package:stats':
    
     filter, lag
    
    The following objects are masked from 'package:base':
    
     intersect, setdiff, setequal, union
    
    Warning: Removed 2 rows containing missing values (geom_segment).
    Quitting from lines 126-129 (tidy.Rmd)
    Error: processing vignette 'tidy.Rmd' failed with diagnostics:
    unused argument (options = list(TRUE, TRUE, "markup", FALSE, NULL, TRUE, FALSE, "#>", TRUE, TRUE, "normalsize", "#F7F7F7", 0, "cache/", NULL, TRUE, NULL, FALSE, FALSE, "high", "asis", "default", "figure/", "png", NULL, 72, "png", 7, 7, "figure", NULL, NULL, "fig:", NULL, "", NULL, NULL, NULL, 1, TRUE, FALSE, 1, "controls,loop", TRUE, FALSE, TRUE, NULL, NULL, NULL, "R", FALSE, TRUE, TRUE, 25, "unnamed-chunk-7", c("model_logit %>%", " tidy_plus_plus(exponentiate = TRUE) %>%", " rmarkdown::paged_table()"),
     504, 504, ""))
    --- failed re-building ‘tidy.Rmd’
    
    SUMMARY: processing the following file failed:
     ‘tidy.Rmd’
    
    Error: Vignette re-building failed.
    Execution halted
Flavor: r-patched-solaris-x86

Version: 1.0.0
Check: re-building of vignette outputs
Result: WARN
    Error(s) in re-building vignettes:
    --- re-building ‘tidy.Rmd’ using rmarkdown
    Warning in engine$weave(file, quiet = quiet, encoding = enc) :
     Pandoc (>= 1.12.3) and/or pandoc-citeproc not available. Falling back to R Markdown v1.
    
    Attaching package: 'dplyr'
    
    The following objects are masked from 'package:stats':
    
     filter, lag
    
    The following objects are masked from 'package:base':
    
     intersect, setdiff, setequal, union
    
    Warning: Removed 2 rows containing missing values (geom_segment).
    Quitting from lines 126-129 (tidy.Rmd)
    Error: processing vignette 'tidy.Rmd' failed with diagnostics:
    unused argument (options = list(TRUE, TRUE, "markup", FALSE, NULL, TRUE, FALSE, "#>", TRUE, TRUE, "normalsize", "#F7F7F7", 0, "cache/", NULL, TRUE, NULL, FALSE, FALSE, "high", "asis", "default", "figure/", "png", NULL, 72, "png", 7, 7, "figure", NULL, NULL, "fig:", NULL, "", NULL, NULL, NULL, 1, TRUE, FALSE, 1, "controls,loop", TRUE, FALSE, TRUE, NULL, NULL, NULL, "R", FALSE, TRUE, TRUE, 25, "unnamed-chunk-7", 504, 504, c("model_logit %>%", " tidy_plus_plus(exponentiate = TRUE) %>%", " rmarkdown::paged_table()"
    ), ""))
    --- failed re-building ‘tidy.Rmd’
    
    SUMMARY: processing the following file failed:
     ‘tidy.Rmd’
    
    Error: Vignette re-building failed.
    Execution halted
Flavor: r-release-macos-x86_64

Version: 1.0.0
Check: re-building of vignette outputs
Result: WARN
    Error(s) in re-building vignettes:
    --- re-building ‘tidy.Rmd’ using rmarkdown
    Warning in engine$weave(file, quiet = quiet, encoding = enc) :
     Pandoc (>= 1.12.3) and/or pandoc-citeproc not available. Falling back to R Markdown v1.
    #BlackLivesMatter
    
    Attaching package: 'dplyr'
    
    The following objects are masked from 'package:stats':
    
     filter, lag
    
    The following objects are masked from 'package:base':
    
     intersect, setdiff, setequal, union
    
    Warning: Removed 2 rows containing missing values (geom_segment).
    Quitting from lines 126-129 (tidy.Rmd)
    Error: processing vignette 'tidy.Rmd' failed with diagnostics:
    unused argument (options = options)
    --- failed re-building ‘tidy.Rmd’
    
    SUMMARY: processing the following file failed:
     ‘tidy.Rmd’
    
    Error: Vignette re-building failed.
    Execution halted
Flavor: r-oldrel-macos-x86_64