Last updated on 2020-10-11 01:47:17 CEST.
Flavor | Version | Tinstall | Tcheck | Ttotal | Status | Flags |
---|---|---|---|---|---|---|
r-devel-linux-x86_64-debian-clang | 1.18.0 | 6.83 | 33.59 | 40.42 | OK | |
r-devel-linux-x86_64-debian-gcc | 1.18.0 | 4.48 | 26.57 | 31.05 | OK | |
r-devel-linux-x86_64-fedora-clang | 1.18.0 | 58.42 | NOTE | |||
r-devel-linux-x86_64-fedora-gcc | 1.18.0 | 46.86 | OK | |||
r-devel-windows-ix86+x86_64 | 1.18.0 | 15.00 | 61.00 | 76.00 | OK | |
r-patched-linux-x86_64 | 1.18.0 | 5.52 | 33.16 | 38.68 | OK | |
r-patched-solaris-x86 | 1.18.0 | 70.60 | OK | |||
r-release-linux-x86_64 | 1.18.0 | 5.49 | 32.37 | 37.86 | OK | |
r-release-macos-x86_64 | 1.18.0 | OK | ||||
r-release-windows-ix86+x86_64 | 1.18.0 | 16.00 | 72.00 | 88.00 | OK | |
r-oldrel-macos-x86_64 | 1.18.0 | OK | ||||
r-oldrel-windows-ix86+x86_64 | 1.18.0 | 14.00 | 63.00 | 77.00 | OK |
Version: 1.18.0
Check: Rd cross-references
Result: NOTE
Undeclared packages ‘fields’, ‘spatstat’, ‘R2HTML’, ‘pixmap’, ‘gplots’, ‘RColorBrewer’, ‘epitools’, ‘XML’, ‘exactRankTests’, ‘coin’, ‘ROCR’, ‘Epi’, ‘verification’, ‘Hmisc’, ‘gtools’, ‘magic’, ‘zoo’ in Rd xrefs
Flavor: r-devel-linux-x86_64-fedora-clang