CRAN Package Check Results for Package care

Last updated on 2020-10-11 01:47:17 CEST.

Flavor Version Tinstall Tcheck Ttotal Status Flags
r-devel-linux-x86_64-debian-clang 1.1.10 2.26 22.04 24.30 OK
r-devel-linux-x86_64-debian-gcc 1.1.10 1.75 17.60 19.35 OK
r-devel-linux-x86_64-fedora-clang 1.1.10 38.45 NOTE
r-devel-linux-x86_64-fedora-gcc 1.1.10 28.71 OK
r-devel-windows-ix86+x86_64 1.1.10 5.00 32.00 37.00 OK
r-patched-linux-x86_64 1.1.10 2.29 21.52 23.81 OK
r-patched-solaris-x86 1.1.10 46.90 OK
r-release-linux-x86_64 1.1.10 2.28 21.84 24.12 OK
r-release-macos-x86_64 1.1.10 OK
r-release-windows-ix86+x86_64 1.1.10 5.00 39.00 44.00 OK
r-oldrel-macos-x86_64 1.1.10 OK
r-oldrel-windows-ix86+x86_64 1.1.10 4.00 36.00 40.00 OK

Check Details

Version: 1.1.10
Check: Rd cross-references
Result: NOTE
    Undeclared package ‘sda’ in Rd xrefs
Flavor: r-devel-linux-x86_64-fedora-clang