Last updated on 2020-10-11 01:47:17 CEST.
Flavor | Version | Tinstall | Tcheck | Ttotal | Status | Flags |
---|---|---|---|---|---|---|
r-devel-linux-x86_64-debian-clang | 0.1.0 | 12.63 | 95.52 | 108.15 | OK | |
r-devel-linux-x86_64-debian-gcc | 0.1.0 | 10.17 | 73.02 | 83.19 | OK | |
r-devel-linux-x86_64-fedora-clang | 0.1.0 | 139.45 | NOTE | |||
r-devel-linux-x86_64-fedora-gcc | 0.1.0 | 126.64 | NOTE | |||
r-devel-windows-ix86+x86_64 | 0.1.0 | 30.00 | 93.00 | 123.00 | OK | |
r-patched-linux-x86_64 | 0.1.0 | 12.70 | 88.69 | 101.39 | OK | |
r-patched-solaris-x86 | 0.1.0 | 196.00 | NOTE | |||
r-release-linux-x86_64 | 0.1.0 | 7.97 | 88.08 | 96.05 | OK | |
r-release-macos-x86_64 | 0.1.0 | NOTE | ||||
r-release-windows-ix86+x86_64 | 0.1.0 | 22.00 | 123.00 | 145.00 | OK | |
r-oldrel-macos-x86_64 | 0.1.0 | NOTE | ||||
r-oldrel-windows-ix86+x86_64 | 0.1.0 | 25.00 | 79.00 | 104.00 | OK |
Version: 0.1.0
Check: dependencies in R code
Result: NOTE
Namespace in Imports field not imported from: ‘methods’
All declared Imports should be used.
Flavors: r-devel-linux-x86_64-fedora-clang, r-devel-linux-x86_64-fedora-gcc, r-patched-solaris-x86, r-release-macos-x86_64, r-oldrel-macos-x86_64