CRAN Package Check Results for Package censorcopula

Last updated on 2020-10-11 01:47:17 CEST.

Flavor Version Tinstall Tcheck Ttotal Status Flags
r-devel-linux-x86_64-debian-clang 2.0 7.70 67.35 75.05 NOTE
r-devel-linux-x86_64-debian-gcc 2.0 6.86 52.13 58.99 NOTE
r-devel-linux-x86_64-fedora-clang 2.0 99.30 NOTE
r-devel-linux-x86_64-fedora-gcc 2.0 90.30 NOTE
r-devel-windows-ix86+x86_64 2.0 19.00 72.00 91.00 NOTE
r-patched-linux-x86_64 2.0 8.04 64.77 72.81 NOTE
r-patched-solaris-x86 2.0 141.00 NOTE
r-release-linux-x86_64 2.0 8.87 62.95 71.82 NOTE
r-release-macos-x86_64 2.0 NOTE
r-release-windows-ix86+x86_64 2.0 14.00 89.00 103.00 NOTE
r-oldrel-macos-x86_64 2.0 NOTE
r-oldrel-windows-ix86+x86_64 2.0 16.00 60.00 76.00 NOTE

Check Details

Version: 2.0
Check: dependencies in R code
Result: NOTE
    Unexported objects imported by ':::' calls:
     'copula:::dCdu' 'copula:::fitCopStart'
     See the note in ?`:::` about the use of this operator.
Flavors: r-devel-linux-x86_64-debian-clang, r-devel-linux-x86_64-debian-gcc, r-devel-linux-x86_64-fedora-clang, r-devel-linux-x86_64-fedora-gcc, r-devel-windows-ix86+x86_64, r-patched-linux-x86_64, r-patched-solaris-x86, r-release-linux-x86_64, r-release-macos-x86_64, r-release-windows-ix86+x86_64, r-oldrel-macos-x86_64, r-oldrel-windows-ix86+x86_64