Last updated on 2020-10-11 01:47:17 CEST.
Flavor | Version | Tinstall | Tcheck | Ttotal | Status | Flags |
---|---|---|---|---|---|---|
r-devel-linux-x86_64-debian-clang | 0.1.1 | 3.59 | 805.50 | 809.09 | OK | |
r-devel-linux-x86_64-debian-gcc | 0.1.1 | 2.66 | 649.32 | 651.98 | OK | |
r-devel-linux-x86_64-fedora-clang | 0.1.1 | 1001.39 | OK | |||
r-devel-linux-x86_64-fedora-gcc | 0.1.1 | 940.34 | OK | |||
r-devel-windows-ix86+x86_64 | 0.1.1 | 8.00 | 43.00 | 51.00 | OK | --no-examples --no-tests --no-vignettes |
r-patched-linux-x86_64 | 0.1.1 | 3.31 | 736.06 | 739.37 | OK | |
r-patched-solaris-x86 | 0.1.1 | 1149.70 | OK | |||
r-release-linux-x86_64 | 0.1.1 | 3.89 | 840.30 | 844.19 | ERROR | |
r-release-macos-x86_64 | 0.1.1 | OK | ||||
r-release-windows-ix86+x86_64 | 0.1.1 | 6.00 | 51.00 | 57.00 | OK | --no-examples --no-tests --no-vignettes |
r-oldrel-macos-x86_64 | 0.1.1 | OK | ||||
r-oldrel-windows-ix86+x86_64 | 0.1.1 | 7.00 | 48.00 | 55.00 | OK | --no-examples --no-tests --no-vignettes |
Version: 0.1.1
Check: tests
Result: ERROR
Running ‘testthat.R’ [10m/11m]
Running the tests in ‘tests/testthat.R’ failed.
Complete output:
> library(testthat)
> library(clusternomics)
>
> test_check("clusternomics")
Killed
Flavor: r-release-linux-x86_64