Last updated on 2020-10-11 01:47:18 CEST.
Flavor | Version | Tinstall | Tcheck | Ttotal | Status | Flags |
---|---|---|---|---|---|---|
r-devel-linux-x86_64-debian-clang | 3.0.0 | 91.40 | 175.57 | 266.97 | OK | |
r-devel-linux-x86_64-debian-gcc | 3.0.0 | 68.65 | 130.97 | 199.62 | OK | |
r-devel-linux-x86_64-fedora-clang | 3.0.0 | 356.62 | NOTE | |||
r-devel-linux-x86_64-fedora-gcc | 3.0.0 | 365.62 | OK | |||
r-devel-windows-ix86+x86_64 | 3.0.0 | 217.00 | 241.00 | 458.00 | OK | |
r-patched-linux-x86_64 | 3.0.0 | 89.33 | 165.30 | 254.63 | OK | |
r-patched-solaris-x86 | 3.0.0 | 383.20 | OK | |||
r-release-linux-x86_64 | 3.0.0 | 89.65 | 165.14 | 254.79 | OK | |
r-release-macos-x86_64 | 3.0.0 | OK | ||||
r-release-windows-ix86+x86_64 | 3.0.0 | 162.00 | 300.00 | 462.00 | OK | |
r-oldrel-macos-x86_64 | 3.0.0 | OK | ||||
r-oldrel-windows-ix86+x86_64 | 3.0.0 | 199.00 | 233.00 | 432.00 | OK |
Version: 3.0.0
Check: installed package size
Result: NOTE
installed size is 5.5Mb
sub-directories of 1Mb or more:
libs 4.4Mb
Flavor: r-devel-linux-x86_64-fedora-clang