CRAN Package Check Results for Package coalescentMCMC

Last updated on 2020-10-11 01:47:18 CEST.

Flavor Version Tinstall Tcheck Ttotal Status Flags
r-devel-linux-x86_64-debian-clang 0.4-1 8.73 87.50 96.23 NOTE
r-devel-linux-x86_64-debian-gcc 0.4-1 7.57 67.99 75.56 NOTE
r-devel-linux-x86_64-fedora-clang 0.4-1 125.88 NOTE
r-devel-linux-x86_64-fedora-gcc 0.4-1 116.46 NOTE
r-devel-windows-ix86+x86_64 0.4-1 21.00 119.00 140.00 NOTE
r-patched-linux-x86_64 0.4-1 8.46 83.05 91.51 NOTE
r-patched-solaris-x86 0.4-1 178.90 NOTE
r-release-linux-x86_64 0.4-1 8.98 82.29 91.27 NOTE
r-release-macos-x86_64 0.4-1 NOTE
r-release-windows-ix86+x86_64 0.4-1 15.00 147.00 162.00 NOTE
r-oldrel-macos-x86_64 0.4-1 NOTE
r-oldrel-windows-ix86+x86_64 0.4-1 18.00 109.00 127.00 NOTE

Check Details

Version: 0.4-1
Check: R code for possible problems
Result: NOTE
    coalescentMCMC: no visible global function definition for
     'packageVersion'
    coalescentMCMC : getparams: no visible global function definition for
     'nlminb'
    sim.coalescent: no visible global function definition for 'segments'
    sim.coalescent: no visible global function definition for 'points'
    Undefined global functions or variables:
     nlminb packageVersion points segments
    Consider adding
     importFrom("graphics", "points", "segments")
     importFrom("stats", "nlminb")
     importFrom("utils", "packageVersion")
    to your NAMESPACE file.
Flavors: r-devel-linux-x86_64-debian-clang, r-devel-linux-x86_64-debian-gcc, r-devel-linux-x86_64-fedora-clang, r-devel-linux-x86_64-fedora-gcc, r-devel-windows-ix86+x86_64, r-patched-linux-x86_64, r-patched-solaris-x86, r-release-linux-x86_64, r-release-macos-x86_64, r-release-windows-ix86+x86_64

Version: 0.4-1
Check: R code for possible problems
Result: NOTE
    coalescentMCMC: no visible global function definition for
     ‘packageVersion’
    coalescentMCMC : getparams: no visible global function definition for
     ‘nlminb’
    sim.coalescent: no visible global function definition for ‘plot’
    sim.coalescent: no visible global function definition for ‘segments’
    sim.coalescent: no visible global function definition for ‘points’
    Undefined global functions or variables:
     nlminb packageVersion plot points segments
    Consider adding
     importFrom("graphics", "plot", "points", "segments")
     importFrom("stats", "nlminb")
     importFrom("utils", "packageVersion")
    to your NAMESPACE file.
Flavors: r-oldrel-macos-x86_64, r-oldrel-windows-ix86+x86_64