Last updated on 2020-10-11 01:47:18 CEST.
Flavor | Version | Tinstall | Tcheck | Ttotal | Status | Flags |
---|---|---|---|---|---|---|
r-devel-linux-x86_64-debian-clang | 1.1-3 | 5.39 | 35.75 | 41.14 | NOTE | |
r-devel-linux-x86_64-debian-gcc | 1.1-3 | 3.99 | 27.62 | 31.61 | NOTE | |
r-devel-linux-x86_64-fedora-clang | 1.1-3 | 57.95 | NOTE | |||
r-devel-linux-x86_64-fedora-gcc | 1.1-3 | 47.81 | NOTE | |||
r-devel-windows-ix86+x86_64 | 1.1-3 | 11.00 | 42.00 | 53.00 | NOTE | |
r-patched-linux-x86_64 | 1.1-3 | 5.49 | 34.27 | 39.76 | NOTE | |
r-patched-solaris-x86 | 1.1-3 | 65.70 | NOTE | |||
r-release-linux-x86_64 | 1.1-3 | 5.41 | 34.03 | 39.44 | NOTE | |
r-release-macos-x86_64 | 1.1-3 | NOTE | ||||
r-release-windows-ix86+x86_64 | 1.1-3 | 8.00 | 54.00 | 62.00 | NOTE | |
r-oldrel-macos-x86_64 | 1.1-3 | NOTE | ||||
r-oldrel-windows-ix86+x86_64 | 1.1-3 | 7.00 | 37.00 | 44.00 | NOTE |
Version: 1.1-3
Check: package dependencies
Result: NOTE
Package which this enhances but not available for checking: 'rkward'
Flavors: r-devel-linux-x86_64-debian-clang, r-devel-linux-x86_64-debian-gcc, r-devel-linux-x86_64-fedora-clang, r-devel-linux-x86_64-fedora-gcc, r-devel-windows-ix86+x86_64, r-patched-linux-x86_64, r-patched-solaris-x86, r-release-linux-x86_64, r-release-macos-x86_64, r-release-windows-ix86+x86_64, r-oldrel-macos-x86_64, r-oldrel-windows-ix86+x86_64