CRAN Package Check Results for Package cognitoR

Last updated on 2020-10-11 01:47:18 CEST.

Flavor Version Tinstall Tcheck Ttotal Status Flags
r-devel-linux-x86_64-debian-clang 1.0.2 5.46 45.07 50.53 OK
r-devel-linux-x86_64-debian-gcc 1.0.2 4.47 34.37 38.84 OK
r-devel-linux-x86_64-fedora-clang 1.0.2 43.49 NOTE
r-devel-linux-x86_64-fedora-gcc 1.0.2 32.33 NOTE
r-devel-windows-ix86+x86_64 1.0.2 14.00 65.00 79.00 OK
r-patched-linux-x86_64 1.0.2 5.07 42.14 47.21 OK
r-patched-solaris-x86 1.0.2 76.50 NOTE
r-release-linux-x86_64 1.0.2 4.69 42.17 46.86 OK
r-release-macos-x86_64 1.0.2 NOTE
r-release-windows-ix86+x86_64 1.0.2 14.00 68.00 82.00 OK
r-oldrel-macos-x86_64 1.0.2 NOTE
r-oldrel-windows-ix86+x86_64 1.0.2 11.00 60.00 71.00 OK

Check Details

Version: 1.0.2
Check: dependencies in R code
Result: NOTE
    Namespace in Imports field not imported from: ‘yaml’
     All declared Imports should be used.
Flavors: r-devel-linux-x86_64-fedora-clang, r-devel-linux-x86_64-fedora-gcc, r-patched-solaris-x86, r-release-macos-x86_64, r-oldrel-macos-x86_64