Last updated on 2020-10-11 01:47:18 CEST.
Flavor | Version | Tinstall | Tcheck | Ttotal | Status | Flags |
---|---|---|---|---|---|---|
r-devel-linux-x86_64-debian-clang | 1.1.0 | 49.03 | 61.47 | 110.50 | OK | --no-vignettes |
r-devel-linux-x86_64-debian-gcc | 1.1.0 | 35.00 | 46.34 | 81.34 | OK | --no-vignettes |
r-devel-linux-x86_64-fedora-clang | 1.1.0 | 356.59 | OK | |||
r-devel-linux-x86_64-fedora-gcc | 1.1.0 | 338.11 | OK | |||
r-devel-windows-ix86+x86_64 | 1.1.0 | 115.00 | 305.00 | 420.00 | OK | |
r-patched-linux-x86_64 | 1.1.0 | 45.80 | 58.04 | 103.84 | OK | --no-vignettes |
r-patched-solaris-x86 | 1.1.0 | 454.10 | NOTE | |||
r-release-linux-x86_64 | 1.1.0 | 43.49 | 57.23 | 100.72 | OK | --no-vignettes |
r-release-macos-x86_64 | 1.1.0 | OK | ||||
r-release-windows-ix86+x86_64 | 1.1.0 | 84.00 | 370.00 | 454.00 | OK | |
r-oldrel-macos-x86_64 | 1.1.0 | OK | ||||
r-oldrel-windows-ix86+x86_64 | 1.1.0 | 102.00 | 300.00 | 402.00 | OK |
Version: 1.1.0
Check: package dependencies
Result: NOTE
Package suggested but not available for checking: ‘pkgdown’
Flavor: r-patched-solaris-x86