Last updated on 2020-10-11 01:47:18 CEST.
Flavor | Version | Tinstall | Tcheck | Ttotal | Status | Flags |
---|---|---|---|---|---|---|
r-devel-linux-x86_64-debian-clang | 0.2.0 | 3.20 | 24.15 | 27.35 | OK | |
r-devel-linux-x86_64-debian-gcc | 0.2.0 | 3.17 | 19.26 | 22.43 | OK | |
r-devel-linux-x86_64-fedora-clang | 0.2.0 | 42.09 | NOTE | |||
r-devel-linux-x86_64-fedora-gcc | 0.2.0 | 33.87 | NOTE | |||
r-devel-windows-ix86+x86_64 | 0.2.0 | 8.00 | 45.00 | 53.00 | OK | |
r-patched-linux-x86_64 | 0.2.0 | 4.08 | 23.94 | 28.02 | OK | |
r-patched-solaris-x86 | 0.2.0 | 48.10 | NOTE | |||
r-release-linux-x86_64 | 0.2.0 | 3.28 | 23.62 | 26.90 | OK | |
r-release-macos-x86_64 | 0.2.0 | NOTE | ||||
r-release-windows-ix86+x86_64 | 0.2.0 | 5.00 | 32.00 | 37.00 | OK | |
r-oldrel-macos-x86_64 | 0.2.0 | NOTE | ||||
r-oldrel-windows-ix86+x86_64 | 0.2.0 | 5.00 | 32.00 | 37.00 | OK |
Version: 0.2.0
Check: dependencies in R code
Result: NOTE
Namespace in Imports field not imported from: ‘R6’
All declared Imports should be used.
Flavors: r-devel-linux-x86_64-fedora-clang, r-devel-linux-x86_64-fedora-gcc, r-patched-solaris-x86, r-release-macos-x86_64, r-oldrel-macos-x86_64