CRAN Package Check Results for Package conquestr

Last updated on 2020-10-11 01:47:18 CEST.

Flavor Version Tinstall Tcheck Ttotal Status Flags
r-devel-linux-x86_64-debian-clang 0.8.5 23.47 51.25 74.72 OK
r-devel-linux-x86_64-debian-gcc 0.8.5 15.93 38.33 54.26 OK
r-devel-linux-x86_64-fedora-clang 0.8.5 100.56 NOTE
r-devel-linux-x86_64-fedora-gcc 0.8.5 87.51 NOTE
r-devel-windows-ix86+x86_64 0.8.5 55.00 108.00 163.00 OK
r-patched-linux-x86_64 0.8.5 20.85 48.87 69.72 OK
r-patched-solaris-x86 0.8.5 107.80 NOTE
r-release-linux-x86_64 0.8.5 19.25 48.57 67.82 OK
r-release-macos-x86_64 0.8.5 NOTE
r-release-windows-ix86+x86_64 0.8.5 45.00 109.00 154.00 OK
r-oldrel-macos-x86_64 0.8.5 NOTE
r-oldrel-windows-ix86+x86_64 0.8.5 50.00 79.00 129.00 OK

Check Details

Version: 0.8.5
Check: dependencies in R code
Result: NOTE
    Namespace in Imports field not imported from: ‘reshape’
     All declared Imports should be used.
Flavors: r-devel-linux-x86_64-fedora-clang, r-devel-linux-x86_64-fedora-gcc, r-patched-solaris-x86, r-release-macos-x86_64, r-oldrel-macos-x86_64