CRAN Package Check Results for Package copula

Last updated on 2020-10-11 01:47:18 CEST.

Flavor Version Tinstall Tcheck Ttotal Status Flags
r-devel-linux-x86_64-debian-clang 1.0-0 50.12 848.30 898.42 OK
r-devel-linux-x86_64-debian-gcc 1.0-0 42.10 618.26 660.36 OK
r-devel-linux-x86_64-fedora-clang 1.0-0 1009.95 NOTE
r-devel-linux-x86_64-fedora-gcc 1.0-0 1067.45 OK
r-devel-windows-ix86+x86_64 1.0-0 99.00 716.00 815.00 NOTE --no-vignettes
r-patched-linux-x86_64 1.0-0 51.59 822.96 874.55 OK
r-patched-solaris-x86 1.0-0 1396.20 NOTE
r-release-linux-x86_64 1.0-0 44.91 814.77 859.68 OK
r-release-macos-x86_64 1.0-0 NOTE
r-release-windows-ix86+x86_64 1.0-0 80.00 952.00 1032.00 NOTE --no-vignettes
r-oldrel-macos-x86_64 1.0-0 NOTE
r-oldrel-windows-ix86+x86_64 1.0-0 95.00 789.00 884.00 NOTE --no-vignettes

Check Details

Version: 1.0-0
Check: installed package size
Result: NOTE
     installed size is 8.7Mb
     sub-directories of 1Mb or more:
     R 2.1Mb
     doc 4.3Mb
Flavors: r-devel-linux-x86_64-fedora-clang, r-patched-solaris-x86, r-release-macos-x86_64, r-oldrel-macos-x86_64

Version: 1.0-0
Flags: --no-vignettes
Check: installed package size
Result: NOTE
     installed size is 8.4Mb
     sub-directories of 1Mb or more:
     R 2.1Mb
     doc 4.3Mb
Flavors: r-devel-windows-ix86+x86_64, r-release-windows-ix86+x86_64, r-oldrel-windows-ix86+x86_64