Last updated on 2020-10-11 01:47:18 CEST.
Flavor | Version | Tinstall | Tcheck | Ttotal | Status | Flags |
---|---|---|---|---|---|---|
r-devel-linux-x86_64-debian-clang | 2.0 | 274.42 | 32.13 | 306.55 | OK | |
r-devel-linux-x86_64-debian-gcc | 2.0 | 191.08 | 25.15 | 216.23 | OK | |
r-devel-linux-x86_64-fedora-clang | 2.0 | 474.68 | NOTE | |||
r-devel-linux-x86_64-fedora-gcc | 2.0 | 391.65 | NOTE | |||
r-devel-windows-ix86+x86_64 | 2.0 | 596.00 | 83.00 | 679.00 | OK | |
r-patched-linux-x86_64 | 2.0 | 238.88 | 30.81 | 269.69 | OK | |
r-patched-solaris-x86 | 2.0 | 303.70 | NOTE | |||
r-release-linux-x86_64 | 2.0 | 237.52 | 30.67 | 268.19 | OK | |
r-release-macos-x86_64 | 2.0 | NOTE | ||||
r-release-windows-ix86+x86_64 | 2.0 | 468.00 | 59.00 | 527.00 | OK | |
r-oldrel-macos-x86_64 | 2.0 | NOTE | ||||
r-oldrel-windows-ix86+x86_64 | 2.0 | 562.00 | 63.00 | 625.00 | OK |
Version: 2.0
Check: installed package size
Result: NOTE
installed size is 11.2Mb
sub-directories of 1Mb or more:
libs 11.0Mb
Flavors: r-devel-linux-x86_64-fedora-clang, r-release-macos-x86_64, r-oldrel-macos-x86_64
Version: 2.0
Check: dependencies in R code
Result: NOTE
Namespace in Imports field not imported from: ‘RcppProgress’
All declared Imports should be used.
Flavors: r-devel-linux-x86_64-fedora-clang, r-devel-linux-x86_64-fedora-gcc, r-patched-solaris-x86, r-release-macos-x86_64, r-oldrel-macos-x86_64