Last updated on 2020-10-11 01:47:18 CEST.
Flavor | Version | Tinstall | Tcheck | Ttotal | Status | Flags |
---|---|---|---|---|---|---|
r-devel-linux-x86_64-debian-clang | 1.1.0 | 16.38 | 449.02 | 465.40 | OK | |
r-devel-linux-x86_64-debian-gcc | 1.1.0 | 14.13 | 339.61 | 353.74 | OK | |
r-devel-linux-x86_64-fedora-clang | 1.1.0 | 561.12 | OK | |||
r-devel-linux-x86_64-fedora-gcc | 1.1.0 | 580.98 | OK | |||
r-devel-windows-ix86+x86_64 | 1.1.0 | 31.00 | 510.00 | 541.00 | OK | |
r-patched-linux-x86_64 | 1.1.0 | 16.35 | 433.61 | 449.96 | OK | |
r-patched-solaris-x86 | 1.1.0 | 557.60 | NOTE | |||
r-release-linux-x86_64 | 1.1.0 | 16.36 | 434.97 | 451.33 | OK | |
r-release-macos-x86_64 | 1.1.0 | OK | ||||
r-release-windows-ix86+x86_64 | 1.1.0 | 33.00 | 537.00 | 570.00 | OK | |
r-oldrel-macos-x86_64 | 1.1.0 | OK | ||||
r-oldrel-windows-ix86+x86_64 | 1.0.2 | 27.00 | 360.00 | 387.00 | OK |
Version: 1.1.0
Check: package dependencies
Result: NOTE
Package suggested but not available for checking: ‘rsvg’
Flavor: r-patched-solaris-x86