CRAN Package Check Results for Package dabestr

Last updated on 2020-10-11 01:47:18 CEST.

Flavor Version Tinstall Tcheck Ttotal Status Flags
r-devel-linux-x86_64-debian-clang 0.3.0 29.11 282.90 312.01 OK
r-devel-linux-x86_64-debian-gcc 0.3.0 19.65 198.98 218.63 OK
r-devel-linux-x86_64-fedora-clang 0.3.0 353.50 NOTE
r-devel-linux-x86_64-fedora-gcc 0.3.0 355.27 NOTE
r-devel-windows-ix86+x86_64 0.3.0 18.00 436.00 454.00 OK
r-patched-linux-x86_64 0.3.0 24.92 294.97 319.89 OK
r-patched-solaris-x86 0.3.0 529.40 NOTE
r-release-linux-x86_64 0.3.0 23.50 294.41 317.91 OK
r-release-macos-x86_64 0.3.0 NOTE
r-release-windows-ix86+x86_64 0.3.0 13.00 280.00 293.00 OK
r-oldrel-macos-x86_64 0.3.0 NOTE
r-oldrel-windows-ix86+x86_64 0.3.0 14.00 359.00 373.00 OK

Check Details

Version: 0.3.0
Check: dependencies in R code
Result: NOTE
    Namespaces in Imports field not imported from:
     ‘plyr’ ‘simpleboot’
     All declared Imports should be used.
Flavors: r-devel-linux-x86_64-fedora-clang, r-devel-linux-x86_64-fedora-gcc, r-patched-solaris-x86, r-release-macos-x86_64, r-oldrel-macos-x86_64