CRAN Package Check Results for Package datapackage.r

Last updated on 2020-10-11 01:47:18 CEST.

Flavor Version Tinstall Tcheck Ttotal Status Flags
r-devel-linux-x86_64-debian-clang 1.3.1 7.73 104.68 112.41 OK
r-devel-linux-x86_64-debian-gcc 1.3.1 5.94 77.04 82.98 OK
r-devel-linux-x86_64-fedora-gcc 1.3.1 137.82 NOTE
r-devel-windows-ix86+x86_64 1.3.1 14.00 148.00 162.00 OK
r-patched-linux-x86_64 1.3.1 8.37 101.80 110.17 OK
r-patched-solaris-x86 1.3.1 178.70 NOTE
r-release-linux-x86_64 1.3.1 7.79 103.06 110.85 OK
r-release-macos-x86_64 1.3.1 NOTE
r-release-windows-ix86+x86_64 1.3.1 11.00 136.00 147.00 OK
r-oldrel-macos-x86_64 1.3.1 NOTE
r-oldrel-windows-ix86+x86_64 1.3.1 11.00 134.00 145.00 OK

Check Details

Version: 1.3.1
Check: dependencies in R code
Result: NOTE
    Namespaces in Imports field not imported from:
     ‘future’ ‘iterators’ ‘readr’
     All declared Imports should be used.
Flavors: r-devel-linux-x86_64-fedora-gcc, r-patched-solaris-x86, r-release-macos-x86_64, r-oldrel-macos-x86_64