Last updated on 2020-10-11 01:47:18 CEST.
Flavor | Version | Tinstall | Tcheck | Ttotal | Status | Flags |
---|---|---|---|---|---|---|
r-devel-linux-x86_64-debian-clang | 0.8.6 | 98.68 | 32.98 | 131.66 | NOTE | |
r-devel-linux-x86_64-debian-gcc | 0.8.6 | 69.32 | 25.87 | 95.19 | NOTE | |
r-devel-linux-x86_64-fedora-clang | 0.8.6 | 191.88 | NOTE | |||
r-devel-linux-x86_64-fedora-gcc | 0.8.6 | 162.11 | NOTE | |||
r-devel-windows-ix86+x86_64 | 0.8.6 | 155.00 | 65.00 | 220.00 | NOTE | |
r-patched-linux-x86_64 | 0.8.6 | 85.18 | 31.86 | 117.04 | NOTE | |
r-patched-solaris-x86 | 0.8.6 | 140.50 | NOTE | |||
r-release-linux-x86_64 | 0.8.6 | 82.47 | 32.11 | 114.58 | NOTE | |
r-release-macos-x86_64 | 0.8.6 | NOTE | ||||
r-release-windows-ix86+x86_64 | 0.8.6 | 117.00 | 81.00 | 198.00 | NOTE | |
r-oldrel-macos-x86_64 | 0.8.6 | NOTE | ||||
r-oldrel-windows-ix86+x86_64 | 0.8.6 | 153.00 | 81.00 | 234.00 | NOTE |
Version: 0.8.6
Check: for GNU extensions in Makefiles
Result: NOTE
GNU make is a SystemRequirements.
Flavors: r-devel-linux-x86_64-debian-clang, r-devel-linux-x86_64-debian-gcc, r-devel-linux-x86_64-fedora-clang, r-devel-linux-x86_64-fedora-gcc, r-devel-windows-ix86+x86_64, r-patched-linux-x86_64, r-patched-solaris-x86, r-release-linux-x86_64, r-release-macos-x86_64, r-release-windows-ix86+x86_64, r-oldrel-macos-x86_64, r-oldrel-windows-ix86+x86_64
Version: 0.8.6
Check: installed package size
Result: NOTE
installed size is 5.2Mb
sub-directories of 1Mb or more:
libs 4.8Mb
Flavor: r-devel-linux-x86_64-fedora-clang