CRAN Package Check Results for Package dendextend

Last updated on 2020-10-11 01:47:19 CEST.

Flavor Version Tinstall Tcheck Ttotal Status Flags
r-devel-linux-x86_64-debian-clang 1.14.0 14.48 249.44 263.92 OK
r-devel-linux-x86_64-debian-gcc 1.14.0 10.68 230.61 241.29 OK
r-devel-linux-x86_64-fedora-clang 1.14.0 365.93 NOTE
r-devel-linux-x86_64-fedora-gcc 1.14.0 427.40 OK
r-devel-windows-ix86+x86_64 1.14.0 25.00 266.00 291.00 NOTE
r-patched-linux-x86_64 1.14.0 11.13 293.53 304.66 OK
r-patched-solaris-x86 1.14.0 467.30 NOTE
r-release-linux-x86_64 1.14.0 12.46 290.01 302.47 OK
r-release-macos-x86_64 1.14.0 NOTE
r-release-windows-ix86+x86_64 1.14.0 17.00 339.00 356.00 NOTE
r-oldrel-macos-x86_64 1.14.0 NOTE
r-oldrel-windows-ix86+x86_64 1.14.0 21.00 244.00 265.00 NOTE

Check Details

Version: 1.14.0
Check: installed package size
Result: NOTE
     installed size is 5.4Mb
     sub-directories of 1Mb or more:
     doc 4.2Mb
Flavors: r-devel-linux-x86_64-fedora-clang, r-devel-windows-ix86+x86_64, r-patched-solaris-x86, r-release-macos-x86_64, r-release-windows-ix86+x86_64, r-oldrel-macos-x86_64, r-oldrel-windows-ix86+x86_64

Version: 1.14.0
Check: Rd cross-references
Result: NOTE
    Undeclared packages ‘WGCNA’, ‘moduleColor’, ‘distory’, ‘phangorn’, ‘zoo’ in Rd xrefs
Flavor: r-devel-linux-x86_64-fedora-clang

Version: 1.14.0
Check: Rd cross-references
Result: NOTE
    Package unavailable to check Rd xrefs: ‘WGCNA’
Flavor: r-oldrel-macos-x86_64