CRAN Package Check Results for Package depth

Last updated on 2020-10-11 01:47:19 CEST.

Flavor Version Tinstall Tcheck Ttotal Status Flags
r-devel-linux-x86_64-debian-clang 2.1-1.1 12.77 62.37 75.14 OK
r-devel-linux-x86_64-debian-gcc 2.1-1.1 10.66 48.69 59.35 OK
r-devel-linux-x86_64-fedora-clang 2.1-1.1 97.42 NOTE
r-devel-linux-x86_64-fedora-gcc 2.1-1.1 89.11 NOTE
r-devel-windows-ix86+x86_64 2.1-1.1 28.00 88.00 116.00 OK
r-patched-linux-x86_64 2.1-1.1 13.87 59.51 73.38 OK
r-patched-solaris-x86 2.1-1.1 119.50 OK
r-release-linux-x86_64 2.1-1.1 11.43 59.65 71.08 OK
r-release-macos-x86_64 2.1-1.1 OK
r-release-windows-ix86+x86_64 2.1-1.1 19.00 114.00 133.00 OK
r-oldrel-macos-x86_64 2.1-1.1 WARN
r-oldrel-windows-ix86+x86_64 2.1-1.1 26.00 82.00 108.00 OK

Check Details

Version: 2.1-1.1
Check: compiled code
Result: NOTE
    File ‘depth/libs/depth.so’:
     Found no calls to: ‘R_registerRoutines’, ‘R_useDynamicSymbols’
    
    It is good practice to register native routines and to disable symbol
    search.
    
    See ‘Writing portable packages’ in the ‘Writing R Extensions’ manual.
Flavors: r-devel-linux-x86_64-fedora-clang, r-devel-linux-x86_64-fedora-gcc

Version: 2.1-1.1
Check: whether package can be installed
Result: WARN
    Found the following significant warnings:
     Warning: 'rgl_init' failed, running with rgl.useNULL = TRUE
Flavor: r-oldrel-macos-x86_64

Version: 2.1-1.1
Check: dependencies in R code
Result: NOTE
    No protocol specified
Flavor: r-oldrel-macos-x86_64

Version: 2.1-1.1
Check: S3 generic/method consistency
Result: WARN
    No protocol specified
    See section ‘Generic functions and methods’ in the ‘Writing R
    Extensions’ manual.
Flavor: r-oldrel-macos-x86_64

Version: 2.1-1.1
Check: replacement functions
Result: WARN
    No protocol specified
    The argument of a replacement function which corresponds to the right
    hand side must be named ‘value’.
Flavor: r-oldrel-macos-x86_64

Version: 2.1-1.1
Check: foreign function calls
Result: NOTE
    No protocol specified
    See chapter ‘System and foreign language interfaces’ in the ‘Writing R
    Extensions’ manual.
Flavor: r-oldrel-macos-x86_64

Version: 2.1-1.1
Check: R code for possible problems
Result: NOTE
    No protocol specified
Flavor: r-oldrel-macos-x86_64

Version: 2.1-1.1
Check: for missing documentation entries
Result: WARN
    No protocol specified
    All user-level objects in a package should have documentation entries.
    See chapter ‘Writing R documentation files’ in the ‘Writing R
    Extensions’ manual.
Flavor: r-oldrel-macos-x86_64

Version: 2.1-1.1
Check: for code/documentation mismatches
Result: WARN
    No protocol specified
    No protocol specified
    No protocol specified
Flavor: r-oldrel-macos-x86_64

Version: 2.1-1.1
Check: Rd \usage sections
Result: NOTE
    No protocol specified
    The \usage entries for S3 methods should use the \method markup and not
    their full name.
    See chapter ‘Writing R documentation files’ in the ‘Writing R
    Extensions’ manual.
Flavor: r-oldrel-macos-x86_64