CRAN Package Check Results for Package diveMove

Last updated on 2020-10-11 01:47:19 CEST.

Flavor Version Tinstall Tcheck Ttotal Status Flags
r-devel-linux-x86_64-debian-clang 1.5.2 21.40 364.80 386.20 OK
r-devel-linux-x86_64-debian-gcc 1.5.2 17.15 262.25 279.40 OK
r-devel-linux-x86_64-fedora-clang 1.5.2 485.46 OK
r-devel-linux-x86_64-fedora-gcc 1.5.2 479.69 OK
r-devel-windows-ix86+x86_64 1.5.2 47.00 661.00 708.00 OK
r-patched-linux-x86_64 1.5.2 18.15 335.56 353.71 OK
r-patched-solaris-x86 1.5.2 586.00 OK
r-release-linux-x86_64 1.5.2 19.15 337.54 356.69 OK
r-release-macos-x86_64 1.5.2 OK
r-release-windows-ix86+x86_64 1.5.2 33.00 510.00 543.00 OK
r-oldrel-macos-x86_64 1.5.2 NOTE
r-oldrel-windows-ix86+x86_64 1.5.2 38.00 484.00 522.00 OK

Check Details

Version: 1.5.2
Check: dependencies in R code
Result: NOTE
    No protocol specified
    No protocol specified
Flavor: r-oldrel-macos-x86_64