Last updated on 2020-10-11 01:47:19 CEST.
Flavor | Version | Tinstall | Tcheck | Ttotal | Status | Flags |
---|---|---|---|---|---|---|
r-devel-linux-x86_64-debian-clang | 0.1.7 | 10.69 | 465.31 | 476.00 | OK | |
r-devel-linux-x86_64-debian-gcc | 0.1.7 | 9.51 | 351.44 | 360.95 | OK | |
r-devel-linux-x86_64-fedora-clang | 0.1.7 | 556.45 | OK | |||
r-devel-linux-x86_64-fedora-gcc | 0.1.7 | 549.52 | OK | |||
r-devel-windows-ix86+x86_64 | 0.1.7 | 22.00 | 575.00 | 597.00 | OK | |
r-patched-linux-x86_64 | 0.1.7 | 12.00 | 441.09 | 453.09 | OK | |
r-patched-solaris-x86 | 0.1.7 | 680.40 | NOTE | |||
r-release-linux-x86_64 | 0.1.7 | 9.70 | 441.33 | 451.03 | OK | |
r-release-macos-x86_64 | 0.1.7 | OK | ||||
r-release-windows-ix86+x86_64 | 0.1.7 | 18.00 | 436.00 | 454.00 | OK | |
r-oldrel-macos-x86_64 | 0.1.7 | OK | ||||
r-oldrel-windows-ix86+x86_64 | 0.1.7 | 19.00 | 422.00 | 441.00 | OK |
Version: 0.1.7
Check: package dependencies
Result: NOTE
Package suggested but not available for checking: ‘RPostgres’
Flavor: r-patched-solaris-x86