CRAN Package Check Results for Package doebioresearch

Last updated on 2020-10-11 01:47:19 CEST.

Flavor Version Tinstall Tcheck Ttotal Status Flags
r-devel-linux-x86_64-debian-clang 0.1.0 8.31 58.57 66.88 OK
r-devel-linux-x86_64-debian-gcc 0.1.0 5.83 44.66 50.49 OK
r-devel-linux-x86_64-fedora-clang 0.1.0 87.21 OK
r-devel-linux-x86_64-fedora-gcc 0.1.0 77.10 OK
r-devel-windows-ix86+x86_64 0.1.0 17.00 66.00 83.00 OK
r-patched-linux-x86_64 0.1.0 6.89 55.03 61.92 OK
r-patched-solaris-x86 0.1.0 105.10 OK
r-release-linux-x86_64 0.1.0 4.85 54.78 59.63 OK
r-release-macos-x86_64 0.1.0 OK
r-release-windows-ix86+x86_64 0.1.0 13.00 86.00 99.00 OK
r-oldrel-macos-x86_64 0.1.0 ERROR
r-oldrel-windows-ix86+x86_64 0.1.0 3.00 6.00 9.00 ERROR

Check Details

Version: 0.1.0
Check: package dependencies
Result: ERROR
    Package required and available but unsuitable version: ‘stats’
    
    See section ‘The DESCRIPTION file’ in the ‘Writing R Extensions’
    manual.
Flavors: r-oldrel-macos-x86_64, r-oldrel-windows-ix86+x86_64