CRAN Package Check Results for Package dragon

Last updated on 2020-10-11 01:47:19 CEST.

Flavor Version Tinstall Tcheck Ttotal Status Flags
r-devel-linux-x86_64-debian-clang 1.0.3 26.76 105.29 132.05 OK
r-devel-linux-x86_64-debian-gcc 1.0.3 22.40 79.36 101.76 OK
r-devel-linux-x86_64-fedora-clang 1.0.3 178.69 NOTE
r-devel-linux-x86_64-fedora-gcc 1.0.3 161.43 NOTE
r-devel-windows-ix86+x86_64 1.0.3 50.00 139.00 189.00 OK
r-patched-linux-x86_64 1.0.3 24.75 100.19 124.94 OK
r-patched-solaris-x86 1.0.3 255.40 NOTE
r-release-linux-x86_64 1.0.3 26.66 98.12 124.78 OK
r-release-macos-x86_64 1.0.3 NOTE
r-release-windows-ix86+x86_64 1.0.3 36.00 100.00 136.00 OK
r-oldrel-macos-x86_64 1.0.3 NOTE
r-oldrel-windows-ix86+x86_64 1.0.3 42.00 120.00 162.00 OK

Check Details

Version: 1.0.3
Check: package dependencies
Result: NOTE
    Imports includes 32 non-default packages.
    Importing from so many packages makes the package vulnerable to any of
    them becoming unavailable. Move as many as possible to Suggests and
    use conditionally.
Flavor: r-devel-linux-x86_64-fedora-clang

Version: 1.0.3
Check: dependencies in R code
Result: NOTE
    Namespace in Imports field not imported from: ‘htmltools’
     All declared Imports should be used.
Flavors: r-devel-linux-x86_64-fedora-clang, r-devel-linux-x86_64-fedora-gcc, r-patched-solaris-x86, r-release-macos-x86_64, r-oldrel-macos-x86_64