CRAN Package Check Results for Package dyngen

Last updated on 2020-10-11 01:47:19 CEST.

Flavor Version Tinstall Tcheck Ttotal Status Flags
r-devel-linux-x86_64-debian-clang 0.4.0 18.15 339.63 357.78 OK
r-devel-linux-x86_64-debian-gcc 0.4.0 17.38 249.54 266.92 OK
r-devel-linux-x86_64-fedora-clang 0.4.0 425.96 OK
r-devel-linux-x86_64-fedora-gcc 0.4.0 408.01 OK
r-devel-windows-ix86+x86_64 0.4.0 42.00 395.00 437.00 OK
r-patched-linux-x86_64 0.4.0 18.20 322.60 340.80 OK
r-patched-solaris-x86 0.4.0 907.90 OK
r-release-linux-x86_64 0.4.0 15.08 311.88 326.96 OK
r-release-macos-x86_64 0.4.0 OK
r-release-windows-ix86+x86_64 0.4.0 33.00 302.00 335.00 OK
r-oldrel-macos-x86_64 0.4.0 ERROR
r-oldrel-windows-ix86+x86_64 0.4.0 36.00 299.00 335.00 OK

Check Details

Version: 0.4.0
Check: package dependencies
Result: NOTE
    Package suggested but not available for checking: ‘dynwrap’
Flavor: r-oldrel-macos-x86_64

Version: 0.4.0
Check: examples
Result: ERROR
    Running examples in ‘dyngen-Ex.R’ failed
    The error most likely occurred in:
    
    > ### Name: wrap_dataset
    > ### Title: Wrap a simulation into a dynwrap object
    > ### Aliases: wrap_dataset
    >
    > ### ** Examples
    >
    > data("example_model")
    > dataset <- wrap_dataset(example_model)
    Loading required namespace: dynwrap
    Failed with error: ‘there is no package called ‘dynwrap’’
    Error in loadNamespace(name) : there is no package called ‘dynwrap’
    Calls: wrap_dataset ... loadNamespace -> withRestarts -> withOneRestart -> doWithOneRestart
    Execution halted
Flavor: r-oldrel-macos-x86_64

Version: 0.4.0
Check: tests
Result: ERROR
     Running ‘testthat.R’ [148s/133s]
    Running the tests in ‘tests/testthat.R’ failed.
    Last 13 lines of output:
     6. dynwrap::wrap_expression
     7. base::getExportedValue(pkg, name)
     8. base::asNamespace(ns)
     9. base::getNamespace(ns)
     10. base::loadNamespace(name)
     11. base::withRestarts(stop(cond), retry_loadNamespace = function() NULL)
     12. base:::withOneRestart(expr, restarts[[1L]])
     13. base:::doWithOneRestart(return(expr), restart)
    
     ══ testthat results ═══════════════════════════════════════════════════════════
     [ OK: 47 | SKIPPED: 0 | WARNINGS: 1 | FAILED: 1 ]
     1. Error: generating a dataset with linear backbone (@test-generate_dataset.R#18)
    
     Error: testthat unit tests failed
     Execution halted
Flavor: r-oldrel-macos-x86_64