CRAN Package Check Results for Package earth

Last updated on 2020-10-11 01:47:19 CEST.

Flavor Version Tinstall Tcheck Ttotal Status Flags
r-devel-linux-x86_64-debian-clang 5.2.0 19.58 92.52 112.10 OK
r-devel-linux-x86_64-debian-gcc 5.2.0 17.33 69.07 86.40 OK
r-devel-linux-x86_64-fedora-clang 5.2.0 139.45 NOTE
r-devel-linux-x86_64-fedora-gcc 5.2.0 131.47 OK
r-devel-windows-ix86+x86_64 5.2.0 37.00 99.00 136.00 OK
r-patched-linux-x86_64 5.2.0 18.60 85.62 104.22 OK
r-patched-solaris-x86 5.2.0 148.50 OK
r-release-linux-x86_64 5.2.0 17.85 84.66 102.51 OK
r-release-macos-x86_64 5.2.0 OK
r-release-windows-ix86+x86_64 5.2.0 25.00 123.00 148.00 OK
r-oldrel-macos-x86_64 5.2.0 OK
r-oldrel-windows-ix86+x86_64 5.2.0 34.00 84.00 118.00 OK

Check Details

Version: 5.2.0
Check: Rd cross-references
Result: NOTE
    Undeclared package ‘leaps’ in Rd xrefs
Flavor: r-devel-linux-x86_64-fedora-clang