CRAN Package Check Results for Package emdbook

Last updated on 2020-10-11 01:47:20 CEST.

Flavor Version Tinstall Tcheck Ttotal Status Flags
r-devel-linux-x86_64-debian-clang 1.3.12 9.66 85.35 95.01 OK
r-devel-linux-x86_64-debian-gcc 1.3.12 8.49 65.73 74.22 OK
r-devel-linux-x86_64-fedora-clang 1.3.12 124.12 NOTE
r-devel-linux-x86_64-fedora-gcc 1.3.12 116.77 OK
r-devel-windows-ix86+x86_64 1.3.12 23.00 92.00 115.00 OK
r-patched-linux-x86_64 1.3.12 9.34 80.57 89.91 OK
r-patched-solaris-x86 1.3.12 161.50 OK
r-release-linux-x86_64 1.3.12 9.21 81.09 90.30 OK
r-release-macos-x86_64 1.3.12 OK
r-release-windows-ix86+x86_64 1.3.12 15.00 116.00 131.00 OK
r-oldrel-macos-x86_64 1.3.12 NOTE
r-oldrel-windows-ix86+x86_64 1.3.12 19.00 75.00 94.00 OK

Check Details

Version: 1.3.12
Check: Rd cross-references
Result: NOTE
    Undeclared package ‘mvtnorm’ in Rd xrefs
Flavor: r-devel-linux-x86_64-fedora-clang

Version: 1.3.12
Check: dependencies in R code
Result: NOTE
    No protocol specified
Flavor: r-oldrel-macos-x86_64