Last updated on 2020-10-11 01:47:20 CEST.
Flavor | Version | Tinstall | Tcheck | Ttotal | Status | Flags |
---|---|---|---|---|---|---|
r-devel-linux-x86_64-debian-clang | 0.1.3 | 3.67 | 41.43 | 45.10 | NOTE | |
r-devel-linux-x86_64-debian-gcc | 0.1.3 | 3.02 | 31.51 | 34.53 | NOTE | |
r-devel-linux-x86_64-fedora-clang | 0.1.3 | 63.76 | NOTE | |||
r-devel-linux-x86_64-fedora-gcc | 0.1.3 | 55.77 | NOTE | |||
r-devel-windows-ix86+x86_64 | 0.1.3 | 10.00 | 67.00 | 77.00 | OK | |
r-patched-linux-x86_64 | 0.1.3 | 3.51 | 39.01 | 42.52 | NOTE | |
r-patched-solaris-x86 | 0.1.3 | 83.10 | NOTE | |||
r-release-linux-x86_64 | 0.1.3 | 3.30 | 39.33 | 42.63 | NOTE | |
r-release-macos-x86_64 | 0.1.3 | NOTE | ||||
r-release-windows-ix86+x86_64 | 0.1.3 | 7.00 | 49.00 | 56.00 | OK | |
r-oldrel-macos-x86_64 | 0.1.3 | NOTE | ||||
r-oldrel-windows-ix86+x86_64 | 0.1.3 | 7.00 | 43.00 | 50.00 | OK |
Version: 0.1.3
Check: for non-standard things in the check directory
Result: NOTE
Found the following files/directories:
'file.path(temp_dir, gp2.csv)'
Flavors: r-devel-linux-x86_64-debian-clang, r-devel-linux-x86_64-debian-gcc, r-devel-linux-x86_64-fedora-clang, r-devel-linux-x86_64-fedora-gcc, r-patched-linux-x86_64, r-patched-solaris-x86, r-release-linux-x86_64
Version: 0.1.3
Check: dependencies in R code
Result: NOTE
Namespace in Imports field not imported from: ‘knitr’
All declared Imports should be used.
Flavors: r-devel-linux-x86_64-fedora-clang, r-devel-linux-x86_64-fedora-gcc, r-patched-solaris-x86, r-release-macos-x86_64, r-oldrel-macos-x86_64