CRAN Package Check Results for Package epca

Last updated on 2020-10-11 01:47:20 CEST.

Flavor Version Tinstall Tcheck Ttotal Status Flags
r-devel-linux-x86_64-debian-clang 1.0.0 3.16 44.68 47.84 OK
r-devel-linux-x86_64-debian-gcc 1.0.0 2.42 38.11 40.53 OK
r-devel-linux-x86_64-fedora-clang 1.0.0 67.59 NOTE
r-devel-linux-x86_64-fedora-gcc 1.0.0 60.21 NOTE
r-devel-windows-ix86+x86_64 1.0.0 11.00 62.00 73.00 OK
r-patched-linux-x86_64 1.0.0 3.24 45.81 49.05 OK
r-patched-solaris-x86 1.0.0 80.60 NOTE
r-release-linux-x86_64 1.0.0 3.12 50.34 53.46 OK
r-release-macos-x86_64 1.0.0 NOTE
r-release-windows-ix86+x86_64 1.0.0 7.00 75.00 82.00 OK
r-oldrel-macos-x86_64 1.0.0 NOTE
r-oldrel-windows-ix86+x86_64 1.0.0 5.00 48.00 53.00 OK

Check Details

Version: 1.0.0
Check: dependencies in R code
Result: NOTE
    Namespaces in Imports field not imported from:
     ‘RSpectra’ ‘tidyverse’
     All declared Imports should be used.
Flavors: r-devel-linux-x86_64-fedora-clang, r-devel-linux-x86_64-fedora-gcc, r-patched-solaris-x86, r-release-macos-x86_64, r-oldrel-macos-x86_64