Last updated on 2020-10-11 01:47:20 CEST.
Flavor | Version | Tinstall | Tcheck | Ttotal | Status | Flags |
---|---|---|---|---|---|---|
r-devel-linux-x86_64-debian-clang | 0.2.1 | 3.12 | 57.06 | 60.18 | OK | |
r-devel-linux-x86_64-debian-gcc | 0.2.1 | 2.27 | 44.80 | 47.07 | OK | |
r-devel-linux-x86_64-fedora-clang | 0.2.1 | 79.48 | OK | |||
r-devel-linux-x86_64-fedora-gcc | 0.2.1 | 72.74 | OK | |||
r-devel-windows-ix86+x86_64 | 0.2.1 | 8.00 | 203.00 | 211.00 | OK | |
r-patched-linux-x86_64 | 0.2.1 | 3.40 | 56.37 | 59.77 | OK | |
r-patched-solaris-x86 | 0.2.1 | 101.50 | NOTE | |||
r-release-linux-x86_64 | 0.2.1 | 2.77 | 56.73 | 59.50 | OK | |
r-release-macos-x86_64 | 0.2.1 | OK | ||||
r-release-windows-ix86+x86_64 | 0.2.1 | 6.00 | 167.00 | 173.00 | OK | |
r-oldrel-macos-x86_64 | 0.2.1 | OK | ||||
r-oldrel-windows-ix86+x86_64 | 0.2.1 | 5.00 | 144.00 | 149.00 | OK |
Version: 0.2.1
Check: package dependencies
Result: NOTE
Package suggested but not available for checking: ‘pkgdown’
Flavor: r-patched-solaris-x86