CRAN Package Check Results for Package ergm

Last updated on 2020-10-11 01:47:20 CEST.

Flavor Version Tinstall Tcheck Ttotal Status Flags
r-devel-linux-x86_64-debian-clang 3.10.4 58.58 614.25 672.83 WARN
r-devel-linux-x86_64-debian-gcc 3.10.4 51.28 473.36 524.64 WARN
r-devel-linux-x86_64-fedora-clang 3.10.4 455.43 WARN
r-devel-linux-x86_64-fedora-gcc 3.10.4 774.51 WARN
r-devel-windows-ix86+x86_64 3.10.4 147.00 170.00 317.00 OK --no-examples --no-tests --no-vignettes
r-patched-linux-x86_64 3.10.4 57.28 584.29 641.57 WARN
r-patched-solaris-x86 3.10.4 1171.00 WARN
r-release-linux-x86_64 3.10.4 60.60 578.24 638.84 WARN
r-release-macos-x86_64 3.10.4 NOTE
r-release-windows-ix86+x86_64 3.10.4 122.00 213.00 335.00 OK --no-examples --no-tests --no-vignettes
r-oldrel-macos-x86_64 3.10.4 NOTE
r-oldrel-windows-ix86+x86_64 3.10.4 146.00 175.00 321.00 OK --no-examples --no-tests --no-vignettes

Check Details

Version: 3.10.4
Check: examples
Result: WARN
    Found the following significant warnings:
    
     Warning: 'compact.rle' is deprecated.
     Warning: 'compact.rle' is deprecated.
     Warning: 'compact.rle' is deprecated.
     Warning: 'compact.rle' is deprecated.
     Warning: 'compact.rle' is deprecated.
     Warning: 'compact.rle' is deprecated.
     Warning: 'compact.rle' is deprecated.
     Warning: 'compact.rle' is deprecated.
     Warning: 'compact.rle' is deprecated.
     Warning: 'compact.rle' is deprecated.
     Warning: 'compact.rle' is deprecated.
     Warning: 'compact.rle' is deprecated.
     Warning: 'compact.rle' is deprecated.
     Warning: 'compact.rle' is deprecated.
     Warning: 'compact.rle' is deprecated.
     Warning: 'compact.rle' is deprecated.
     Warning: 'compact.rle' is deprecated.
     Warning: 'compact.rle' is deprecated.
     Warning: 'compact.rle' is deprecated.
     Warning: 'compact.rle' is deprecated.
     Warning: 'compact.rle' is deprecated.
     Warning: 'compact.rle' is deprecated.
     Warning: 'compact.rle' is deprecated.
     Warning: 'compact.rle' is deprecated.
     Warning: 'compact.rle' is deprecated.
     Warning: 'compact.rle' is deprecated.
     Warning: 'compact.rle' is deprecated.
     Warning: 'compact.rle' is deprecated.
     Warning: 'compact.rle' is deprecated.
     Warning: 'compact.rle' is deprecated.
     Warning: 'compact.rle' is deprecated.
     Warning: 'compact.rle' is deprecated.
     Warning: 'compact.rle' is deprecated.
     Warning: 'compact.rle' is deprecated.
     Warning: 'compact.rle' is deprecated.
     Warning: 'compact.rle' is deprecated.
     Warning: 'compact.rle' is deprecated.
     Warning: 'compact.rle' is deprecated.
     Warning: 'compact.rle' is deprecated.
     Warning: 'compact.rle' is deprecated.
     Warning: 'compact.rle' is deprecated.
     Warning: 'compact.rle' is deprecated.
     Warning: 'compact.rle' is deprecated.
     Warning: 'compact.rle' is deprecated.
     Warning: 'compact.rle' is deprecated.
     Warning: 'compact.rle' is deprecated.
     Warning: 'compact.rle' is deprecated.
     Warning: 'compact.rle' is deprecated.
     Warning: 'compact.rle' is deprecated.
     Warning: 'compact.rle' is deprecated.
     Warning: 'compact.rle' is deprecated.
     Warning: 'compact.rle' is deprecated.
     Warning: 'compact.rle' is deprecated.
     Warning: 'compact.rle' is deprecated.
     Warning: 'compact.rle' is deprecated.
     Warning: 'compact.rle' is deprecated.
     Warning: 'compact.rle' is deprecated.
     Warning: 'compact.rle' is deprecated.
     Warning: 'compact.rle' is deprecated.
     Warning: 'compact.rle' is deprecated.
     Warning: 'compact.rle' is deprecated.
    Deprecated functions may be defunct as soon as of the next release of
    R.
    See ?Deprecated.
Flavors: r-devel-linux-x86_64-debian-clang, r-devel-linux-x86_64-debian-gcc, r-devel-linux-x86_64-fedora-clang, r-devel-linux-x86_64-fedora-gcc, r-patched-linux-x86_64, r-patched-solaris-x86, r-release-linux-x86_64

Version: 3.10.4
Check: installed package size
Result: NOTE
     installed size is 5.6Mb
     sub-directories of 1Mb or more:
     doc 1.6Mb
     libs 2.1Mb
Flavors: r-devel-linux-x86_64-fedora-clang, r-release-macos-x86_64, r-oldrel-macos-x86_64

Version: 3.10.4
Check: package dependencies
Result: NOTE
    Package suggested but not available for checking: ‘Rmpi’
Flavors: r-release-macos-x86_64, r-oldrel-macos-x86_64