CRAN Package Check Results for Package eseis

Last updated on 2020-10-11 01:47:20 CEST.

Flavor Version Tinstall Tcheck Ttotal Status Flags
r-devel-linux-x86_64-debian-clang 0.5.0 38.29 152.53 190.82 OK
r-devel-linux-x86_64-debian-gcc 0.5.0 28.81 115.48 144.29 OK
r-devel-linux-x86_64-fedora-clang 0.5.0 323.23 OK
r-devel-linux-x86_64-fedora-gcc 0.5.0 295.67 OK
r-devel-windows-ix86+x86_64 0.5.0 92.00 304.00 396.00 OK
r-patched-linux-x86_64 0.5.0 33.83 141.55 175.38 OK
r-patched-solaris-x86 0.5.0 290.40 OK
r-release-linux-x86_64 0.5.0 34.78 141.45 176.23 OK
r-release-macos-x86_64 0.5.0 OK
r-release-windows-ix86+x86_64 0.5.0 68.00 235.00 303.00 OK
r-oldrel-macos-x86_64 0.5.0 NOTE
r-oldrel-windows-ix86+x86_64 0.5.0 84.00 216.00 300.00 OK

Check Details

Version: 0.5.0
Check: dependencies in R code
Result: NOTE
    No protocol specified
Flavor: r-oldrel-macos-x86_64