CRAN Package Check Results for Package factorMerger

Last updated on 2020-10-11 01:47:20 CEST.

Flavor Version Tinstall Tcheck Ttotal Status Flags
r-devel-linux-x86_64-debian-clang 0.4.0 15.97 188.69 204.66 OK
r-devel-linux-x86_64-debian-gcc 0.4.0 13.26 143.85 157.11 OK
r-devel-linux-x86_64-fedora-clang 0.4.0 246.46 NOTE
r-devel-linux-x86_64-fedora-gcc 0.4.0 261.56 NOTE
r-devel-windows-ix86+x86_64 0.4.0 37.00 186.00 223.00 OK
r-patched-linux-x86_64 0.4.0 10.08 177.61 187.69 OK
r-patched-solaris-x86 0.4.0 344.90 NOTE
r-release-linux-x86_64 0.4.0 10.14 176.84 186.98 OK
r-release-macos-x86_64 0.4.0 NOTE
r-release-windows-ix86+x86_64 0.4.0 25.00 239.00 264.00 OK
r-oldrel-macos-x86_64 0.4.0 NOTE
r-oldrel-windows-ix86+x86_64 0.4.0 30.00 165.00 195.00 OK

Check Details

Version: 0.4.0
Check: dependencies in R code
Result: NOTE
    Namespaces in Imports field not imported from:
     ‘forcats’ ‘formula.tools’
     All declared Imports should be used.
Flavors: r-devel-linux-x86_64-fedora-clang, r-devel-linux-x86_64-fedora-gcc, r-patched-solaris-x86, r-release-macos-x86_64, r-oldrel-macos-x86_64