Last updated on 2020-10-11 01:47:20 CEST.
Flavor | Version | Tinstall | Tcheck | Ttotal | Status | Flags |
---|---|---|---|---|---|---|
r-devel-linux-x86_64-debian-clang | 0.9.3 | 108.18 | 83.31 | 191.49 | OK | |
r-devel-linux-x86_64-debian-gcc | 0.9.3 | 79.27 | 62.54 | 141.81 | OK | |
r-devel-linux-x86_64-fedora-clang | 0.9.3 | 258.68 | NOTE | |||
r-devel-linux-x86_64-fedora-gcc | 0.9.3 | 244.42 | OK | |||
r-devel-windows-ix86+x86_64 | 0.9.3 | 235.00 | 133.00 | 368.00 | OK | |
r-patched-linux-x86_64 | 0.9.3 | 104.74 | 79.36 | 184.10 | OK | |
r-patched-solaris-x86 | 0.9.3 | 220.90 | OK | |||
r-release-linux-x86_64 | 0.9.3 | 92.53 | 79.43 | 171.96 | OK | |
r-release-macos-x86_64 | 0.9.3 | NOTE | ||||
r-release-windows-ix86+x86_64 | 0.9.3 | 171.00 | 174.00 | 345.00 | OK | |
r-oldrel-macos-x86_64 | 0.9.3 | NOTE | ||||
r-oldrel-windows-ix86+x86_64 | 0.9.3 | 205.00 | 114.00 | 319.00 | OK |
Version: 0.9.3
Check: installed package size
Result: NOTE
installed size is 7.0Mb
sub-directories of 1Mb or more:
doc 1.6Mb
libs 5.0Mb
Flavors: r-devel-linux-x86_64-fedora-clang, r-release-macos-x86_64, r-oldrel-macos-x86_64