Last updated on 2020-10-11 01:47:20 CEST.
Flavor | Version | Tinstall | Tcheck | Ttotal | Status | Flags |
---|---|---|---|---|---|---|
r-devel-linux-x86_64-debian-clang | 1.8.0 | 2.80 | 106.50 | 109.30 | OK | |
r-devel-linux-x86_64-debian-gcc | 1.8.0 | 2.18 | 84.05 | 86.23 | OK | |
r-devel-linux-x86_64-fedora-clang | 1.8.0 | 143.25 | NOTE | |||
r-devel-linux-x86_64-fedora-gcc | 1.8.0 | 150.86 | NOTE | |||
r-devel-windows-ix86+x86_64 | 1.8.0 | 7.00 | 208.00 | 215.00 | OK | |
r-patched-linux-x86_64 | 1.8.0 | 2.82 | 104.72 | 107.54 | OK | |
r-patched-solaris-x86 | 1.8.0 | 120.80 | NOTE | |||
r-release-linux-x86_64 | 1.8.0 | 2.70 | 104.37 | 107.07 | OK | |
r-release-macos-x86_64 | 1.8.0 | NOTE | ||||
r-release-windows-ix86+x86_64 | 1.8.0 | 4.00 | 154.00 | 158.00 | OK | |
r-oldrel-macos-x86_64 | 1.8.0 | NOTE | ||||
r-oldrel-windows-ix86+x86_64 | 1.8.0 | 4.00 | 143.00 | 147.00 | OK |
Version: 1.8.0
Check: dependencies in R code
Result: NOTE
Namespaces in Imports field not imported from:
‘callr’ ‘withr’
All declared Imports should be used.
Flavors: r-devel-linux-x86_64-fedora-clang, r-devel-linux-x86_64-fedora-gcc, r-patched-solaris-x86, r-release-macos-x86_64, r-oldrel-macos-x86_64