CRAN Package Check Results for Package fastcmh

Last updated on 2020-10-11 01:47:20 CEST.

Flavor Version Tinstall Tcheck Ttotal Status Flags
r-devel-linux-x86_64-debian-clang 0.2.7 39.96 30.63 70.59 OK
r-devel-linux-x86_64-debian-gcc 0.2.7 31.18 23.99 55.17 OK
r-devel-linux-x86_64-fedora-clang 0.2.7 107.11 NOTE
r-devel-linux-x86_64-fedora-gcc 0.2.7 91.86 NOTE
r-devel-windows-ix86+x86_64 0.2.7 98.00 69.00 167.00 OK
r-patched-linux-x86_64 0.2.7 37.96 29.72 67.68 OK
r-patched-solaris-x86 0.2.7 96.60 OK
r-release-linux-x86_64 0.2.7 37.55 29.82 67.37 OK
r-release-macos-x86_64 0.2.7 OK
r-release-windows-ix86+x86_64 0.2.7 74.00 88.00 162.00 OK
r-oldrel-macos-x86_64 0.2.7 OK
r-oldrel-windows-ix86+x86_64 0.2.7 92.00 61.00 153.00 OK

Check Details

Version: 0.2.7
Check: compiled code
Result: NOTE
    File ‘fastcmh/libs/fastcmh.so’:
     Found no calls to: ‘R_registerRoutines’, ‘R_useDynamicSymbols’
    
    It is good practice to register native routines and to disable symbol
    search.
    
    See ‘Writing portable packages’ in the ‘Writing R Extensions’ manual.
Flavors: r-devel-linux-x86_64-fedora-clang, r-devel-linux-x86_64-fedora-gcc