Last updated on 2020-10-11 01:47:20 CEST.
Flavor | Version | Tinstall | Tcheck | Ttotal | Status | Flags |
---|---|---|---|---|---|---|
r-devel-linux-x86_64-debian-clang | 1.1.2 | 57.11 | 27.73 | 84.84 | OK | |
r-devel-linux-x86_64-debian-gcc | 1.1.2 | 40.76 | 22.29 | 63.05 | OK | |
r-devel-linux-x86_64-fedora-clang | 1.1.2 | 129.38 | NOTE | |||
r-devel-linux-x86_64-fedora-gcc | 1.1.2 | 115.12 | OK | |||
r-devel-windows-ix86+x86_64 | 1.1.2 | 140.00 | 63.00 | 203.00 | NOTE | |
r-patched-linux-x86_64 | 1.1.2 | 52.64 | 27.27 | 79.91 | OK | |
r-patched-solaris-x86 | 1.1.2 | 110.50 | OK | |||
r-release-linux-x86_64 | 1.1.2 | 53.25 | 27.33 | 80.58 | OK | |
r-release-macos-x86_64 | 1.1.2 | NOTE | ||||
r-release-windows-ix86+x86_64 | 1.1.2 | 110.00 | 80.00 | 190.00 | NOTE | |
r-oldrel-macos-x86_64 | 1.1.2 | NOTE | ||||
r-oldrel-windows-ix86+x86_64 | 1.1.2 | 123.00 | 52.00 | 175.00 | OK |
Version: 1.1.2
Check: installed package size
Result: NOTE
installed size is 5.6Mb
sub-directories of 1Mb or more:
data 3.1Mb
libs 2.4Mb
Flavors: r-devel-linux-x86_64-fedora-clang, r-devel-windows-ix86+x86_64, r-release-macos-x86_64, r-release-windows-ix86+x86_64, r-oldrel-macos-x86_64