Last updated on 2020-10-11 01:47:21 CEST.
Flavor | Version | Tinstall | Tcheck | Ttotal | Status | Flags |
---|---|---|---|---|---|---|
r-devel-linux-x86_64-debian-clang | 1.0-9 | 236.99 | 109.37 | 346.36 | OK | |
r-devel-linux-x86_64-debian-gcc | 1.0-9 | 233.74 | 96.07 | 329.81 | OK | |
r-devel-linux-x86_64-fedora-clang | 1.0-9 | 488.75 | NOTE | |||
r-devel-linux-x86_64-fedora-gcc | 1.0-9 | 525.32 | OK | |||
r-devel-windows-ix86+x86_64 | 1.0-9 | 530.00 | 162.00 | 692.00 | OK | |
r-patched-linux-x86_64 | 1.0-9 | 268.87 | 118.29 | 387.16 | OK | |
r-patched-solaris-x86 | 1.0-9 | 488.30 | OK | |||
r-release-linux-x86_64 | 1.0-9 | 259.95 | 116.94 | 376.89 | WARN | |
r-release-macos-x86_64 | 1.0-9 | NOTE | ||||
r-release-windows-ix86+x86_64 | 1.0-9 | 351.00 | 196.00 | 547.00 | OK | |
r-oldrel-macos-x86_64 | 1.0-9 | WARN | ||||
r-oldrel-windows-ix86+x86_64 | 1.0-9 | 548.00 | 117.00 | 665.00 | OK |
Version: 1.0-9
Check: installed package size
Result: NOTE
installed size is 75.3Mb
sub-directories of 1Mb or more:
libs 74.9Mb
Flavors: r-devel-linux-x86_64-fedora-clang, r-release-macos-x86_64, r-oldrel-macos-x86_64
Version: 1.0-9
Check: whether package can be installed
Result: WARN
Found the following significant warnings:
/home/hornik/tmp/R.check/r-release-gcc/Work/build/Packages/RcppEigen/include/Eigen/src/SparseCore/SparseSelfAdjointView.h:456:14: warning: bitwise comparison always evaluates to false [-Wtautological-compare]
/home/hornik/tmp/R.check/r-release-gcc/Work/build/Packages/RcppEigen/include/Eigen/src/SparseCore/SparseSelfAdjointView.h:489:14: warning: bitwise comparison always evaluates to false [-Wtautological-compare]
Flavor: r-release-linux-x86_64
Version: 1.0-9
Check: whether package can be installed
Result: WARN
Found the following significant warnings:
Warning: 'rgl.init' failed, running with 'rgl.useNULL = TRUE'.
Flavor: r-oldrel-macos-x86_64