Last updated on 2020-10-11 01:47:21 CEST.
Flavor | Version | Tinstall | Tcheck | Ttotal | Status | Flags |
---|---|---|---|---|---|---|
r-devel-linux-x86_64-debian-clang | 0.13.1 | 7.73 | 65.96 | 73.69 | OK | |
r-devel-linux-x86_64-debian-gcc | 0.13.1 | 5.47 | 50.53 | 56.00 | OK | |
r-devel-linux-x86_64-fedora-clang | 0.13.1 | 95.42 | OK | |||
r-devel-linux-x86_64-fedora-gcc | 0.13.1 | 87.55 | OK | |||
r-devel-windows-ix86+x86_64 | 0.13.1 | 29.00 | 108.00 | 137.00 | OK | |
r-patched-linux-x86_64 | 0.13.1 | 6.35 | 63.75 | 70.10 | OK | |
r-patched-solaris-x86 | 0.13.1 | 123.20 | OK | |||
r-release-linux-x86_64 | 0.13.1 | 6.94 | 63.06 | 70.00 | OK | |
r-release-macos-x86_64 | 0.13.1 | OK | ||||
r-release-windows-ix86+x86_64 | 0.13.1 | 18.00 | 141.00 | 159.00 | OK | |
r-oldrel-macos-x86_64 | 0.13.1 | ERROR | ||||
r-oldrel-windows-ix86+x86_64 | 0.13.1 | 18.00 | 95.00 | 113.00 | OK |
Version: 0.13.1
Check: package dependencies
Result: ERROR
Package required and available but unsuitable version: ‘ff’
See section ‘The DESCRIPTION file’ in the ‘Writing R Extensions’
manual.
Flavor: r-oldrel-macos-x86_64