Last updated on 2020-10-11 01:47:21 CEST.
Flavor | Version | Tinstall | Tcheck | Ttotal | Status | Flags |
---|---|---|---|---|---|---|
r-devel-linux-x86_64-debian-clang | 0.8 | 92.68 | 68.41 | 161.09 | OK | |
r-devel-linux-x86_64-debian-gcc | 0.8 | 76.53 | 51.37 | 127.90 | OK | |
r-devel-linux-x86_64-fedora-clang | 0.8 | 224.21 | NOTE | |||
r-devel-linux-x86_64-fedora-gcc | 0.8 | 213.70 | OK | |||
r-devel-windows-ix86+x86_64 | 0.8 | 220.00 | 120.00 | 340.00 | OK | |
r-patched-linux-x86_64 | 0.8 | 96.10 | 64.96 | 161.06 | OK | |
r-patched-solaris-x86 | 0.8 | 203.90 | OK | |||
r-release-linux-x86_64 | 0.8 | 87.82 | 64.97 | 152.79 | OK | |
r-release-macos-x86_64 | 0.8 | NOTE | ||||
r-release-windows-ix86+x86_64 | 0.8 | 165.00 | 146.00 | 311.00 | OK | |
r-oldrel-macos-x86_64 | 0.8 | NOTE | ||||
r-oldrel-windows-ix86+x86_64 | 0.8 | 205.00 | 108.00 | 313.00 | OK |
Version: 0.8
Check: installed package size
Result: NOTE
installed size is 7.6Mb
sub-directories of 1Mb or more:
libs 7.3Mb
Flavors: r-devel-linux-x86_64-fedora-clang, r-release-macos-x86_64, r-oldrel-macos-x86_64