Last updated on 2020-10-11 01:47:21 CEST.
Flavor | Version | Tinstall | Tcheck | Ttotal | Status | Flags |
---|---|---|---|---|---|---|
r-devel-linux-x86_64-debian-clang | 1.5.0 | 2.31 | 51.28 | 53.59 | OK | |
r-devel-linux-x86_64-debian-gcc | 1.5.0 | 2.22 | 40.07 | 42.29 | OK | |
r-devel-linux-x86_64-fedora-clang | 1.5.0 | 72.89 | OK | |||
r-devel-linux-x86_64-fedora-gcc | 1.5.0 | 65.09 | OK | |||
r-devel-windows-ix86+x86_64 | 1.5.0 | 7.00 | 138.00 | 145.00 | NOTE | |
r-patched-linux-x86_64 | 1.5.0 | 2.88 | 51.19 | 54.07 | OK | |
r-patched-solaris-x86 | 1.5.0 | 100.90 | OK | |||
r-release-linux-x86_64 | 1.5.0 | 3.02 | 50.69 | 53.71 | OK | |
r-release-macos-x86_64 | 1.5.0 | OK | ||||
r-release-windows-ix86+x86_64 | 1.5.0 | 7.00 | 155.00 | 162.00 | NOTE | |
r-oldrel-macos-x86_64 | 1.5.0 | OK | ||||
r-oldrel-windows-ix86+x86_64 | 1.5.0 | 4.00 | 136.00 | 140.00 | NOTE |
Version: 1.5.0
Check: package dependencies
Result: NOTE
Package suggested but not available for checking: 'doMC'
Flavors: r-devel-windows-ix86+x86_64, r-release-windows-ix86+x86_64, r-oldrel-windows-ix86+x86_64