Last updated on 2020-10-11 01:47:21 CEST.
Flavor | Version | Tinstall | Tcheck | Ttotal | Status | Flags |
---|---|---|---|---|---|---|
r-devel-linux-x86_64-debian-clang | 0.8-80 | 9.21 | 34.34 | 43.55 | OK | |
r-devel-linux-x86_64-debian-gcc | 0.8-80 | 6.90 | 27.04 | 33.94 | OK | |
r-devel-linux-x86_64-fedora-clang | 0.8-80 | 63.81 | OK | |||
r-devel-linux-x86_64-fedora-gcc | 0.8-80 | 54.25 | OK | |||
r-devel-windows-ix86+x86_64 | 0.8-80 | 27.00 | 63.00 | 90.00 | OK | |
r-patched-linux-x86_64 | 0.8-80 | 8.98 | 33.68 | 42.66 | OK | |
r-patched-solaris-x86 | 0.8-80 | OK | ||||
r-release-linux-x86_64 | 0.8-80 | 8.77 | 33.72 | 42.49 | OK | |
r-release-macos-x86_64 | 0.8-80 | OK | ||||
r-release-windows-ix86+x86_64 | 0.8-80 | 29.00 | 76.00 | 105.00 | OK | |
r-oldrel-macos-x86_64 | 0.8-80 | ERROR | ||||
r-oldrel-windows-ix86+x86_64 | 0.8-76 | 44.00 | 87.00 | 131.00 | OK |
Version: 0.8-80
Check: whether package can be installed
Result: ERROR
Installation failed.
Flavor: r-oldrel-macos-x86_64