CRAN Package Check Results for Package fs

Last updated on 2020-10-11 01:47:21 CEST.

Flavor Version Tinstall Tcheck Ttotal Status Flags
r-devel-linux-x86_64-debian-clang 1.5.0 62.23 41.61 103.84 NOTE
r-devel-linux-x86_64-debian-gcc 1.5.0 45.51 36.59 82.10 NOTE
r-devel-linux-x86_64-fedora-clang 1.5.0 155.35 NOTE
r-devel-linux-x86_64-fedora-gcc 1.5.0 145.77 NOTE
r-devel-windows-ix86+x86_64 1.5.0 149.00 69.00 218.00 NOTE
r-patched-linux-x86_64 1.5.0 54.49 45.75 100.24 NOTE
r-patched-solaris-x86 1.5.0 123.70 NOTE
r-release-linux-x86_64 1.5.0 54.17 45.93 100.10 NOTE
r-release-macos-x86_64 1.5.0 NOTE
r-release-windows-ix86+x86_64 1.5.0 124.00 90.00 214.00 NOTE
r-oldrel-macos-x86_64 1.5.0 NOTE
r-oldrel-windows-ix86+x86_64 1.5.0 121.00 68.00 189.00 NOTE

Check Details

Version: 1.5.0
Check: for GNU extensions in Makefiles
Result: NOTE
    GNU make is a SystemRequirements.
Flavors: r-devel-linux-x86_64-debian-clang, r-devel-linux-x86_64-debian-gcc, r-devel-linux-x86_64-fedora-clang, r-devel-linux-x86_64-fedora-gcc, r-devel-windows-ix86+x86_64, r-patched-linux-x86_64, r-patched-solaris-x86, r-release-linux-x86_64, r-release-macos-x86_64, r-release-windows-ix86+x86_64, r-oldrel-macos-x86_64, r-oldrel-windows-ix86+x86_64