Last updated on 2020-10-11 01:47:21 CEST.
Flavor | Version | Tinstall | Tcheck | Ttotal | Status | Flags |
---|---|---|---|---|---|---|
r-devel-linux-x86_64-debian-clang | 0.9.4.4 | 16.23 | 130.37 | 146.60 | NOTE | |
r-devel-linux-x86_64-debian-gcc | 0.9.4.4 | 12.96 | 99.28 | 112.24 | NOTE | |
r-devel-linux-x86_64-fedora-clang | 0.9.4.4 | 187.24 | NOTE | |||
r-devel-linux-x86_64-fedora-gcc | 0.9.4.4 | 185.44 | NOTE | |||
r-devel-windows-ix86+x86_64 | 0.9.4.4 | 36.00 | 130.00 | 166.00 | OK | |
r-patched-linux-x86_64 | 0.9.4.4 | 15.61 | 122.85 | 138.46 | NOTE | |
r-patched-solaris-x86 | 0.9.4.4 | 253.80 | NOTE | |||
r-release-linux-x86_64 | 0.9.4.4 | 16.97 | 122.41 | 139.38 | NOTE | |
r-release-macos-x86_64 | 0.9.4.4 | OK | ||||
r-release-windows-ix86+x86_64 | 0.9.4.4 | 28.00 | 167.00 | 195.00 | OK | |
r-oldrel-macos-x86_64 | 0.9.4.4 | OK | ||||
r-oldrel-windows-ix86+x86_64 | 0.9.4.4 | 28.00 | 117.00 | 145.00 | OK |
Version: 0.9.4.4
Check: package dependencies
Result: NOTE
Package suggested but not available for checking: 'superpc'
Flavors: r-devel-linux-x86_64-debian-clang, r-devel-linux-x86_64-debian-gcc, r-devel-linux-x86_64-fedora-clang, r-devel-linux-x86_64-fedora-gcc, r-patched-linux-x86_64, r-release-linux-x86_64
Version: 0.9.4.4
Check: package dependencies
Result: NOTE
Packages suggested but not available for checking: 'RWeka', 'superpc'
Flavor: r-patched-solaris-x86