Last updated on 2020-10-11 01:47:21 CEST.
Flavor | Version | Tinstall | Tcheck | Ttotal | Status | Flags |
---|---|---|---|---|---|---|
r-devel-linux-x86_64-debian-clang | 0.9.4 | 138.92 | 28.95 | 167.87 | OK | |
r-devel-linux-x86_64-debian-gcc | 0.9.4 | 90.64 | 22.57 | 113.21 | OK | |
r-devel-linux-x86_64-fedora-clang | 0.9.4 | 257.97 | NOTE | |||
r-devel-linux-x86_64-fedora-gcc | 0.9.4 | 190.58 | OK | |||
r-devel-windows-ix86+x86_64 | 0.9.4 | 262.00 | 63.00 | 325.00 | OK | |
r-patched-linux-x86_64 | 0.9.4 | 112.71 | 27.43 | 140.14 | OK | |
r-patched-solaris-x86 | 0.9.4 | 162.60 | OK | |||
r-release-linux-x86_64 | 0.9.4 | 108.94 | 27.66 | 136.60 | OK | |
r-release-macos-x86_64 | 0.9.4 | NOTE | ||||
r-release-windows-ix86+x86_64 | 0.9.4 | 195.00 | 82.00 | 277.00 | OK | |
r-oldrel-macos-x86_64 | 0.9.4 | NOTE | ||||
r-oldrel-windows-ix86+x86_64 | 0.9.4 | 264.00 | 57.00 | 321.00 | OK |
Version: 0.9.4
Check: installed package size
Result: NOTE
installed size is 7.2Mb
sub-directories of 1Mb or more:
libs 7.1Mb
Flavors: r-devel-linux-x86_64-fedora-clang, r-release-macos-x86_64, r-oldrel-macos-x86_64