CRAN Package Check Results for Package gWQS

Last updated on 2020-10-11 01:47:22 CEST.

Flavor Version Tinstall Tcheck Ttotal Status Flags
r-devel-linux-x86_64-debian-clang 3.0.0 9.26 107.79 117.05 OK
r-devel-linux-x86_64-debian-gcc 3.0.0 7.70 79.63 87.33 OK
r-devel-linux-x86_64-fedora-clang 3.0.0 145.23 NOTE
r-devel-linux-x86_64-fedora-gcc 3.0.0 136.41 NOTE
r-devel-windows-ix86+x86_64 3.0.0 24.00 110.00 134.00 OK
r-patched-linux-x86_64 3.0.0 9.57 102.51 112.08 OK
r-patched-solaris-x86 3.0.0 188.20 NOTE
r-release-linux-x86_64 3.0.0 9.30 100.11 109.41 OK
r-release-macos-x86_64 3.0.0 NOTE
r-release-windows-ix86+x86_64 3.0.0 17.00 141.00 158.00 OK
r-oldrel-macos-x86_64 3.0.0 NOTE
r-oldrel-windows-ix86+x86_64 3.0.0 18.00 98.00 116.00 OK

Check Details

Version: 3.0.0
Check: dependencies in R code
Result: NOTE
    Namespace in Imports field not imported from: ‘dplyr’
     All declared Imports should be used.
Flavors: r-devel-linux-x86_64-fedora-clang, r-devel-linux-x86_64-fedora-gcc, r-patched-solaris-x86, r-release-macos-x86_64, r-oldrel-macos-x86_64