Last updated on 2020-10-11 01:47:21 CEST.
Flavor | Version | Tinstall | Tcheck | Ttotal | Status | Flags |
---|---|---|---|---|---|---|
r-devel-linux-x86_64-debian-clang | 2.18.0 | 6.60 | 90.24 | 96.84 | OK | |
r-devel-linux-x86_64-debian-gcc | 2.18.0 | 4.16 | 66.06 | 70.22 | OK | |
r-devel-linux-x86_64-fedora-clang | 2.18.0 | 128.35 | NOTE | |||
r-devel-linux-x86_64-fedora-gcc | 2.18.0 | 117.70 | OK | |||
r-devel-windows-ix86+x86_64 | 2.18.0 | 8.00 | 143.00 | 151.00 | OK | |
r-patched-linux-x86_64 | 2.18.0 | 6.06 | 87.82 | 93.88 | OK | |
r-patched-solaris-x86 | 2.18.0 | 94.50 | OK | |||
r-release-linux-x86_64 | 2.18.0 | 5.91 | 87.84 | 93.75 | OK | |
r-release-macos-x86_64 | 2.18.0 | OK | ||||
r-release-windows-ix86+x86_64 | 2.18.0 | 13.00 | 117.00 | 130.00 | OK | |
r-oldrel-macos-x86_64 | 2.18.0 | OK | ||||
r-oldrel-windows-ix86+x86_64 | 2.18.0 | 16.00 | 120.00 | 136.00 | OK |
Version: 2.18.0
Check: Rd cross-references
Result: NOTE
Undeclared package ‘reshape’ in Rd xrefs
Flavor: r-devel-linux-x86_64-fedora-clang