CRAN Package Check Results for Package geex

Last updated on 2020-10-11 01:47:21 CEST.

Flavor Version Tinstall Tcheck Ttotal Status Flags
r-devel-linux-x86_64-debian-clang 1.0.12 4.36 339.06 343.42 OK
r-devel-linux-x86_64-debian-gcc 1.0.12 4.28 238.00 242.28 OK
r-devel-linux-x86_64-fedora-clang 1.0.12 379.26 NOTE
r-devel-linux-x86_64-fedora-gcc 1.0.12 404.20 NOTE
r-devel-windows-ix86+x86_64 1.0.12 12.00 312.00 324.00 OK
r-patched-linux-x86_64 1.0.12 4.49 311.37 315.86 OK
r-patched-solaris-x86 1.0.12 422.90 NOTE
r-release-linux-x86_64 1.0.12 3.87 310.09 313.96 OK
r-release-macos-x86_64 1.0.12 NOTE
r-release-windows-ix86+x86_64 1.0.12 11.00 410.00 421.00 OK
r-oldrel-macos-x86_64 1.0.12 NOTE
r-oldrel-windows-ix86+x86_64 1.0.12 10.00 288.00 298.00 OK

Check Details

Version: 1.0.12
Check: dependencies in R code
Result: NOTE
    Namespace in Imports field not imported from: ‘rootSolve’
     All declared Imports should be used.
Flavors: r-devel-linux-x86_64-fedora-clang, r-devel-linux-x86_64-fedora-gcc, r-patched-solaris-x86, r-release-macos-x86_64, r-oldrel-macos-x86_64